2*u = -u. Suppose 5*d = 2*b - 92, -d - 112 = -3*b - u*d. Let m be (-2)/5 + b/(-10). Let y(t) = -t**3 - 3*t**2 + 2*t - 1. What is y(m)?
7
Let j be (-4)/12 - 21/(-9). Let u(y) = -y**2 + y + 2. Calculate u(j).
0
Let r(h) = h**2 - 5 + 4*h**2 - 2 - h. Let u(o) = -o**2 - 3*o. Let z(k) = -2*k - 1. Let j(c) = 2*u(c) - 3*z(c). Let g(d) = 7*j(d) + 3*r(d). Give g(3).
0
Let i(x) = x + x**3 + 2*x - 4*x + 6 - x**2. Suppose -3*w + 14 = -1. Suppose q = w*q. What is i(q)?
6
Let j(h) = h + 0*h + 5 - h**2 - 6*h. Let l be j(-6). Let d(u) be the second derivative of 2*u**3/3 - 2*u. Calculate d(l).
-4
Let a be (-1)/(1 + 4/(-6)). Let f(i) = i**2 + 3*i. Let k = 12 - 7. Let d(u) = 2*u**2 + 6*u. Let l(r) = k*f(r) - 3*d(r). What is l(a)?
0
Let h(p) = p - 8. Let i(q) = -2*q + 8. Let s(o) = -3*h(o) - 2*i(o). Let v = -2 - 7. Let g(c) = 5*c + 33. Let j(b) = v*s(b) + 2*g(b). Give j(0).
-6
Let n(h) = 2 + 5*h + 3*h + h**2 - 3*h. Let v be 3/(-2)*(-456)/(-171). Give n(v).
-2
Let m(a) = 3 - a - 3. Let b = 4 - 3. Let o be 3/b*3/(-9). What is m(o)?
1
Let t be (4 - (-4 - -14))*1. Let i(n) = n**2 + 6*n - 7. Calculate i(t).
-7
Let d = -36 - -10. Let x(h) = 2*h. Let z(w) = w - 1 + w - 11*w. Let p(g) = d*x(g) - 6*z(g). Determine p(-5).
-4
Let u(s) be the second derivative of s**5/20 + 5*s**4/12 + s**3/3 - 2*s**2 - 23*s. Let x be -1 + 1 + 3*-1. What is u(x)?
8
Suppose l - 2*x + 8 = 0, 4*l - 6 = -2*x + 2. Let j(t) = t**3 - 7 + t + 6*t**2 - 11*t**2 + 6*t**2. Determine j(l).
-7
Let h be (4/(-3)*1)/((-6)/18). Let q(x) be the first derivative of -x**5/20 + x**4/3 + 2*x**2 - x + 1. Let z(b) be the first derivative of q(b). Determine z(h).
4
Let q(n) = -n**3 + 4*n**2 + 4*n - 3. Let d(s) = 10 + 2*s - 11 - s. Let z be d(6). What is q(z)?
-8
Let p(b) = b**2 - 4*b + 3. Let d = 24 - 21. Let c be 2*(d/(-6) - -3). Give p(c).
8
Let q(j) be the first derivative of j**2 - 9*j + 5. Give q(6).
3
Let d(a) = -3*a. Suppose 4 = -4*u, 2*l + 4*u = -3*l + 6. Suppose 5*h - 8 - l = 0. Calculate d(h).
-6
Let i = 3 + 21. Let r be -2 + (i/1)/2. Suppose 4 = -4*t, 3*t - r = 3*l + t. Let s(y) = y. What is s(l)?
-4
Let p(j) be the third derivative of -j**9/30240 - j**8/20160 - j**7/2520 - j**6/720 - j**5/60 + j**2. Let y(v) be the third derivative of p(v). Calculate y(-1).
2
Let t(k) = -5*k - 1. Let p = -135 + 134. What is t(p)?
4
Let a(z) = -2*z**3 - 3*z - 5. Suppose 3*q + 5*u - 34 = 0, 4*q - 26 = -0*u + 3*u. Let g(m) = -3*m**3 - 5*m - 8. Let p(l) = q*a(l) - 5*g(l). Give p(-2).
6
Let o(q) be the third derivative of -q**7/315 + q**5/120 - q**4/12 - 2*q**2. Let r(m) be the second derivative of o(m). What is r(1)?
-7
Let t(z) = -z + z + 29 - 31 - 3*z. What is t(-2)?
4
Let u(w) be the second derivative of -w**5/20 + w**3/3 + w**2/2 - 3*w. Determine u(2).
-3
Let m(f) be the second derivative of 0*f**2 + 0 - 2*f - 1/2*f**3 - 1/12*f**4. Let p be m(-3). Let g(v) = v**3 - v**2 + v + 3. Determine g(p).
3
Suppose 2*j - 4*j - 80 = 0. Let d be (-9)/(-4)*j/(-15). Suppose -q - k - 18 = -d*k, -2*k + 12 = 2*q. Let f(p) = -2*p**2 + p. Give f(q).
-6
Let j = 2 - -1. Let a(h) = j*h + 4 + h**3 - 3 + 4*h**2 + 5 - 2. Give a(-3).
4
Let g(w) = 3*w + 8. Let r(x) = -x**2 + 26*x - 6. Let d be r(26). Give g(d).
-10
Let m(o) = 7*o**2 + 2*o - 4. Let z(f) = 8*f**2 + 2*f - 5. Let p(a) = -7*m(a) + 6*z(a). Determine p(3).
-17
Let c(f) = f - f**3 + 7*f + 6*f**2 - 11*f. What is c(5)?
10
Let c(v) = -15*v - 3 + 17*v - 1. What is c(4)?
4
Let r(q) = 2*q**2 - 1. Suppose -4*l = -0*l - 16. Let t = 6 - l. Suppose 0 = 4*p + 5*j + 7, 0*p + t*j + 4 = -p. Give r(p).
7
Let w be -2 + 10 - 3 - 2. Let f = w + -1. Let j(k) = -k**3 + 2*k**2 + k - 1. Determine j(f).
1
Let j(k) = k**2 + 9*k + 2. Let h = 67 + -75. Give j(h).
-6
Let f be (-21)/(-4) + (-24)/(-32). Suppose m = -2*m - f. Let q(i) = 2*i + 1. Calculate q(m).
-3
Let i = 115 - 109. Let f(z) = 9 - z - 5*z - 1 + z**2. What is f(i)?
8
Suppose -t + 16 = 3*t. Let a(r) = r - 1. Let u be a(t). Let n(p) be the first derivative of p**4/4 - 2*p**3/3 - 2*p**2 - p - 1. What is n(u)?
-4
Let d(j) be the first derivative of 1/24*j**4 - 2*j**2 - 5/6*j**3 + 1/15*j**5 + 3 - 1/120*j**6 + 0*j. Let u(t) be the second derivative of d(t). Determine u(4).
-1
Let z(g) = -6*g + g - 4*g + 2*g - 6. Let d be (2/(-4))/(2/(-28)). Let j(l) = 13*l + 11. Let q(t) = d*z(t) + 4*j(t). Give q(-3).
-7
Let o = 1 - 0. Let d(r) = -o + 3*r - 3*r + 3*r. Let j = 19 + -16. Determine d(j).
8
Let o be 0 + 2 - 45/9. Let b(q) = q**2 - 4. Give b(o).
5
Let m(t) = 4*t - 1. Suppose 2*v + 22 = -5*l, -2*l - 7 = v - 2*v. Let g be m(v). Let n = g - -3. Let a(c) = c**3 + 2*c**2 + c - 1. Give a(n).
-3
Let r be (-1)/5 + 91/5. Suppose 5*l = 3*l - r. Let h = l + 11. Let b(p) = p**3 - p**2 + 3*p - 2. Give b(h).
8
Let t(s) be the second derivative of s**4/3 + s**3/2 + s**2/2 - 6*s. Calculate t(-2).
11
Let r(s) = 21*s**2 - 6*s + 25*s**2 - 45*s**2. Let u = 11 + -8. Let f be 32/6 - 1/u. Calculate r(f).
-5
Suppose 2 = 2*k - k. Suppose -k*m - 2*m = 24. Let o(s) = s + 4. What is o(m)?
-2
Let j(i) = -i**2 + i + 1. Let x(b) = 4*b**2 - 6. Let y(u) = 3*j(u) + x(u). Suppose 3*c + w = -2*c - 13, -5*c = 5*w + 25. Let g = c - 1. What is y(g)?
-3
Suppose -1 = 3*h + 2. Let u(n) = -5*n**3 + 2*n**2 + n. What is u(h)?
6
Suppose 0 = n - 3 - 4. Let u(w) = -3*w + 1. Let x(c) = -2*c + 1. Let t(v) = n*x(v) - 6*u(v). Suppose h + 6*h - 14 = 0. Calculate t(h).
9
Let a(c) = -10*c**2 + 16*c + 1. Let n(g) = -2*g**2 + 3*g. Let u(q) = -2*a(q) + 11*n(q). Suppose 0 = 3*y - 3*s + 2 + 4, -4*y - s = -12. What is u(y)?
-8
Let l(b) = -14*b**3 - 2*b**2 + 2*b - 1. Let k(q) = 2*q + 67. Let m be k(-33). Calculate l(m).
-15
Let d(u) be the third derivative of u**9/60480 + u**8/6720 + u**7/5040 - u**6/360 + u**5/60 - 4*u**2. Let w(m) be the third derivative of d(m). What is w(-2)?
0
Let i be (-30)/18*(-6)/5. Let p(l) = 3*l + 2. Determine p(i).
8
Let t(n) be the first derivative of -3*n**2/2 - 6*n + 6. Determine t(-4).
6
Let l(h) = 7 - 6 - 7 - h. What is l(-10)?
4
Let k(o) be the second derivative of -o**5/20 + 7*o**4/12 - 2*o**3/3 - 4*o**2 + o. What is k(6)?
4
Suppose 5*y - 8*y + 15 = 0. Let v(x) = 7*x**2 + 3*x - 10. Let d(h) = h**2 + h - 1. Let m(i) = -6*d(i) + v(i). What is m(y)?
6
Let s(x) = -x + 0 + 6 + 4. Let c be s(6). Suppose 0 = -t - c*t. Let n(f) = f**3 + f**2 - 4. What is n(t)?
-4
Let q(v) be the first derivative of -v**2/2 - v - 2. Determine q(3).
-4
Suppose 4*o = c + 2, 0 = 4*c - 2*o - 6 - 0. Let p(w) be the second derivative of 1/2*w**2 + 1/6*w**4 + c*w + 0 - 5/6*w**3. What is p(4)?
13
Let f(l) = -l**2 - 6*l + 10. Let t be f(-7). Suppose 0 = -v - t*v + 20. Let c(q) = 0*q**2 - q**2 - q**3 - v + 10 + q. Give c(0).
5
Let l(r) = r**3 + 5*r**2 + 5*r - 4. Suppose s - 23 = 5*y, 3*s - 12 = -s. Determine l(y).
-8
Let h(y) be the third derivative of -y**5/60 + y**4/4 - y**3 - 5*y**2. Suppose 0 = -0*m - 3*m + 60. Let u be m/8*2/1. What is h(u)?
-1
Let d(v) be the first derivative of -1/2*v**2 - 1 + 3*v. Suppose -12 = -6*x + 2*x. Give d(x).
0
Let a(k) = 16*k**2 + 0*k - 15*k**2 + k - 10. Determine a(0).
-10
Let y(n) be the third derivative of 7*n**6/120 - 11*n**5/60 + n**4/24 + 4*n**2. Let s(c) = -4*c**3 + 6*c**2 - c. Let f(r) = 5*s(r) + 3*y(r). Calculate f(4).
8
Let t(s) = 2 - 7 - 6*s + 6. Suppose -4*b - 4*m = 16, 5*m = -b + 5*b - 29. What is t(b)?
-5
Suppose 0 = m - 4*m + 9. Let f(s) = 1 + s**m + 0 - 5 + s**2. What is f(0)?
-4
Let i(l) = -l**2 + 4*l + 7. Let j = -1 - -6. Calculate i(j).
2
Let k(r) = -r**3 - 12*r**2 + 11. Let h be k(-12). Let c(m) be the first derivative of -1/2*m**2 + h*m - 3. Determine c(5).
6
Let a(r) = r + 13 - 20 - 8. Give a(9).
-6
Let w(u) = -u**3 - 6*u**2 + 2*u + 7. Suppose 2*m - 2 = 16. Suppose -m*o + 12*o + 18 = 0. Give w(o).
-5
Suppose 2 - 5 = a. Let c(g) = 5*g - 2*g + 4 + g**2 - 4 - 3. Give c(a).
-3
Let n(q) = -q**2 + 5. Suppose -15 = 5*z + 2*j - 7*j, -2*z = j + 9. Determine n(z).
-11
Let f(s) = s**2 - s + 7. Let m = 2 - -22. Let r be (-8)/m + 1/3. Calculate f(r).
7
Let t(m) = m - 2. Let p(n) = -n - 1. Let a be p(-4). Suppose a*b = 3*v + v, 7 = -2*b + 5*v. Calculate t(b).
2
Let a(s) be the second derivative of 2*s**2 + 2*s + 5/6*s**3 + 0 + 1/24*s**4. Let f(q) be the first derivative of a(q). Determine f(-4).
1
Let m(i) = -i**2 - 7*i - 4. Let a be (-1 + -2)/(3/(-9)). Suppose 3*u + 2*w + 24 = 0, 